d by 59?
54
Calculate the remainder when 45 is divided by 41.
4
Calculate the remainder when 4954 is divided by 35.
19
Calculate the remainder when 1437 is divided by 16.
13
What is the remainder when 257 is divided by 93?
71
Calculate the remainder when 1398 is divided by 50.
48
What is the remainder when 590 is divided by 195?
5
What is the remainder when 37295 is divided by 168?
167
What is the remainder when 251 is divided by 44?
31
What is the remainder when 969 is divided by 10?
9
What is the remainder when 196 is divided by 21?
7
What is the remainder when 1002 is divided by 168?
162
Calculate the remainder when 1259 is divided by 55.
49
Calculate the remainder when 22141 is divided by 33.
31
What is the remainder when 133 is divided by 56?
21
What is the remainder when 391 is divided by 149?
93
Calculate the remainder when 155 is divided by 44.
23
Calculate the remainder when 742 is divided by 124.
122
Calculate the remainder when 5679 is divided by 80.
79
What is the remainder when 2373 is divided by 141?
117
Calculate the remainder when 256 is divided by 135.
121
What is the remainder when 133 is divided by 55?
23
What is the remainder when 69 is divided by 19?
12
What is the remainder when 13956 is divided by 3487?
8
What is the remainder when 321 is divided by 97?
30
Calculate the remainder when 297 is divided by 7.
3
Calculate the remainder when 3249 is divided by 31.
25
Calculate the remainder when 605 is divided by 6.
5
Calculate the remainder when 8519 is divided by 213.
212
What is the remainder when 135 is divided by 47?
41
Calculate the remainder when 373 is divided by 124.
1
What is the remainder when 278 is divided by 35?
33
Calculate the remainder when 125 is divided by 77.
48
Calculate the remainder when 950 is divided by 157.
8
Calculate the remainder when 1047 is divided by 151.
141
Calculate the remainder when 1328 is divided by 190.
188
Calculate the remainder when 631 is divided by 183.
82
Calculate the remainder when 8708 is divided by 4351.
6
Calculate the remainder when 522 is divided by 17.
12
What is the remainder when 43318 is divided by 15?
13
Calculate the remainder when 400 is divided by 134.
132
What is the remainder when 1371 is divided by 98?
97
Calculate the remainder when 24 is divided by 18.
6
What is the remainder when 469 is divided by 118?
115
What is the remainder when 751 is divided by 181?
27
Calculate the remainder when 166 is divided by 25.
16
What is the remainder when 4864 is divided by 75?
64
Calculate the remainder when 1541 is divided by 46.
23
Calculate the remainder when 373 is divided by 22.
21
What is the remainder when 134 is divided by 37?
23
Calculate the remainder when 284 is divided by 35.
4
What is the remainder when 258 is divided by 52?
50
Calculate the remainder when 106 is divided by 42.
22
What is the remainder when 34 is divided by 4?
2
Calculate the remainder when 9825 is divided by 87.
81
What is the remainder when 5032 is divided by 90?
82
What is the remainder when 1813 is divided by 15?
13
Calculate the remainder when 60 is divided by 8.
4
What is the remainder when 741 is divided by 93?
90
What is the remainder when 274 is divided by 110?
54
What is the remainder when 334 is divided by 128?
78
Calculate the remainder when 394 is divided by 384.
10
What is the remainder when 131 is divided by 36?
23
Calculate the remainder when 53 is divided by 15.
8
Calculate the remainder when 43 is divided by 2.
1
Calculate the remainder when 882 is divided by 26.
24
Calculate the remainder when 26890 is divided by 36.
34
What is the remainder when 1758 is divided by 220?
218
Calculate the remainder when 130 is divided by 92.
38
What is the remainder when 1862 is divided by 78?
68
Calculate the remainder when 479 is divided by 44.
39
What is the remainder when 317 is divided by 18?
11
What is the remainder when 1169 is divided by 56?
49
What is the remainder when 9962 is divided by 66?
62
What is the remainder when 226 is divided by 66?
28
Calculate the remainder when 199 is divided by 29.
25
What is the remainder when 350 is divided by 91?
77
Calculate the remainder when 41 is divided by 23.
18
Calculate the remainder when 247 is divided by 36.
31
What is the remainder when 211 is divided by 54?
49
Calculate the remainder when 288 is divided by 31.
9
Calculate the remainder when 2249 is divided by 45.
44
What is the remainder when 3951 is divided by 86?
81
Calculate the remainder when 230 is divided by 70.
20
Calculate the remainder when 171 is divided by 46.
33
What is the remainder when 1758 is divided by 93?
84
Calculate the remainder when 742 is divided by 50.
42
Calculate the remainder when 72 is divided by 23.
3
What is the remainder when 139 is divided by 35?
34
What is the remainder when 453 is divided by 157?
139
What is the remainder when 14 is divided by 8?
6
What is the remainder when 143 is divided by 39?
26
What is the remainder when 11549 is divided by 66?
65
What is the remainder when 9570 is divided by 1593?
12
What is the remainder when 374 is divided by 27?
23
Calculate the remainder when 90 is divided by 19.
14
Calculate the remainder when 791 is divided by 266.
259
Calculate the remainder when 394 is divided by 33.
31
Calculate the remainder when 830 is divided by 64.
62
Calculate the remainder when 1107 is divided by 54.
27
What is the remainder when 94 is divided by 41?
12
Calculate the remainder when 223 is divided by 80.
63
Calculate the remainder when 6 is divided by 2.
0
Calculate the remainder when 3710 is divided by 3699.
11
Calculate the remainder when 105 is divided by 16.
9
What is the remainder when 1538 is divided by 70?
68
What is the remainder when 1004 is divided by 331?
11
What is the remainder when 3162 is divided by 394?
10
What is the remainder when 264 is divided by 21?
12
What is the remainder when 1064 is divided by 134?
126
What is the remainder when 581 is divided by 45?
41
What is the remainder when 129 is divided by 33?
30
Calculate the remainder when 3100 is divided by 1020.
40
Calculate the remainder when 2378 is divided by 62.
22
Calculate the remainder when 157 is divided by 143.
14
What is the remainder when 578 is divided by 92?
26
What is the remainder when 150 is divided by 26?
20
What is the remainder when 80 is divided by 6?
2
Calculate the remainder when 943 is divided by 86.
83
Calculate the remainder when 380 is divided by 15.
5
Calculate the remainder when 289 is divided by 42.
37
Calculate the remainder when 172 is divided by 66.
40
Calculate the remainder when 507 is divided by 69.
24
What is the remainder when 17551 is divided by 22?
17
Calculate the remainder when 48 is divided by 17.
14
What is the remainder when 826 is divided by 18?
16
Calculate the remainder when 241 is divided by 7.
3
Calculate the remainder when 214 is divided by 54.
52
Calculate the remainder when 87 is divided by 10.
7
Calculate the remainder when 359 is divided by 19.
17
What is the remainder when 635 is divided by 64?
59
Calculate the remainder when 461 is divided by 58.
55
Calculate the remainder when 364 is divided by 44.
12
Calculate the remainder when 203 is divided by 74.
55
What is the remainder when 260 is divided by 153?
107
Calculate the remainder when 184 is divided by 31.
29
Calculate the remainder when 70 is divided by 7.
0
What is the remainder when 1561 is divided by 194?
9
Calculate the remainder when 493 is divided by 42.
31
What is the remainder when 3567 is divided by 83?
81
Calculate the remainder when 490 is divided by 89.
45
Calculate the remainder when 157 is divided by 32.
29
What is the remainder when 502 is divided by 129?
115
What is the remainder when 28 is divided by 5?
3
Calculate the remainder when 2393 is divided by 21.
20
Calculate the remainder when 509 is divided by 102.
101
What is the remainder when 14 is divided by 3?
2
What is the remainder when 3230 is divided by 45?
35
Calculate the remainder when 374 is divided by 38.
32
What is the remainder when 3858 is divided by 9?
6
Calculate the remainder when 52 is divided by 26.
0
Calculate the remainder when 509 is divided by 129.
122
What is the remainder when 1449 is divided by 29?
28
What is the remainder when 1454 is divided by 31?
28
Calculate the